 -m + 3*r + 0*r = 6. Suppose 0 = v, -69 = -3*n - m*n + v. What are the prime factors of n?
23
Let d(u) = -u**3 - 7*u**2 - 3*u + 9. Let n be d(-7). Suppose -n - 150 = -12*t. List the prime factors of t.
3, 5
Let i = -112 - -180. Let n = i - 13. List the prime factors of n.
5, 11
Let i(j) = 948*j + 3. What are the prime factors of i(1)?
3, 317
Let k(n) = 74*n**2 + 10*n + 112. List the prime factors of k(-5).
2, 239
Suppose -5*p = -1024 - 9986. What are the prime factors of p?
2, 3, 367
Suppose -12*m = -8*m - 2036. What are the prime factors of m?
509
Let k(z) = -z**2 + 2*z**2 + 14 - 2*z + 3*z. Let n be k(6). Suppose -3*h = -5*h + n. What are the prime factors of h?
2, 7
Suppose -4690 = -5*v - 5*a, -2*a + 13 - 15 = 0. List the prime factors of v.
3, 313
Let h = -8 - -73. Let n = -1 + h. List the prime factors of n.
2
Let s(g) = 5 + 2 - 3 + 3*g + 6. Let w be s(-4). Let i(h) = -3*h - 2. What are the prime factors of i(w)?
2
Suppose -i + 149 - 22 = 0. List the prime factors of i.
127
Let f(j) = 1124*j + 24. What are the prime factors of f(3)?
2, 3, 283
Let l(n) = n**3 + 17*n**2 + n - 11. Let c be l(-17). Let w = -15 - c. List the prime factors of w.
13
Suppose 0 = -27*s - 2*s + 6264. What are the prime factors of s?
2, 3
Let j = 654 - 488. List the prime factors of j.
2, 83
Let l be 0/((-4)/(-6)*-3). Suppose l = -2*u - 0*u + 36. What are the prime factors of u?
2, 3
Suppose -2*y - 7 = 3*t, 2*t + 2 + 10 = -2*y. Let k be (-4 + -3)*(y - -3). Suppose o - k + 17 = 0. List the prime factors of o.
3, 13
Let m(g) = 13*g**2 - 17*g - 14 - 2*g**3 + 0*g**3 + 3*g**3. Suppose 42 = 2*b - 5*b. List the prime factors of m(b).
2, 7
Let b = 19 - -1. Suppose b = 4*y - 0*y. Suppose -4*j + 0*t + 5*t = -23, -t - 34 = -y*j. What are the prime factors of j?
7
Suppose 5*z - 20 = 5*p - 4*p, -z + 4*p = -4. Suppose 4 = z*w - 4. Suppose 5*d = 2*o - 21, 4*o - 3*d = w*o + 31. List the prime factors of o.
23
Suppose 48*i = 3*q + 50*i - 4276, 4 = 2*i. List the prime factors of q.
2, 89
Suppose -102*s + 134 = -101*s. List the prime factors of s.
2, 67
Suppose 0 = 3*l + 15, -u + 0*l - l = 5. Suppose u*x + 56 = 2*x. Suppose 5*h - 28 = -2*z, -2*h + x = -0*z + 2*z. List the prime factors of z.
2, 7
Suppose 7063 = 3*j - 4*x - 0*x, 0 = j + 3*x - 2363. What are the prime factors of j?
2357
Let s(g) = -5*g**3 + 17*g**2 + 5*g + 373. Let b(p) = -p**3 + 4*p**2 + p + 93. Let l(k) = 9*b(k) - 2*s(k). What are the prime factors of l(0)?
7, 13
Suppose -2*f - 3*f + a + 3636 = 0, 5*f - 3652 = -3*a. What are the prime factors of f?
2, 7, 13
Suppose 6*n = -14*n + 6120. What are the prime factors of n?
2, 3, 17
Suppose 7*l - 523 = -75. Let m = l - 18. What are the prime factors of m?
2, 23
Suppose 4*f + 4*z + 8 = -4, 3*z = -9. Suppose -m + 4*m + 12 = f, 28 = w - 5*m. Let i = 15 + w. List the prime factors of i.
23
Let d be (-4)/5 - 4/20. Let o be d - 0/(6 - 2). What are the prime factors of (52 + o)*4/6?
2, 17
What are the prime factors of (-8)/(-96) - (-308763)/108?
3, 953
Let c(l) = 4*l - 2. Let j be c(1). Let h be -3*j*22/(-3). Suppose 0*u = -4*u + h. List the prime factors of u.
11
Suppose -5*a + 1 = -24. Let k(f) = 4*f + 3*f - 4 - a*f + 2*f. List the prime factors of k(6).
2, 5
Suppose -3*j + m = -46, 4*m = 2*j - 0*m - 44. What are the prime factors of (-40)/(j/4 - 4)?
2, 5
Suppose -44 - 26 = 2*t. List the prime factors of (-6)/21 - 675/t.
19
Let z(t) = 4*t - 16. Let n be z(7). Let p(j) = 13*j - 31. What are the prime factors of p(n)?
5
Let o = 24 - 20. Suppose o*l - v - 130 = -6*v, 4*l = -v + 122. List the prime factors of l.
2, 3, 5
Let s(d) = 6*d**2 + d. Let l be s(-1). Suppose l*v = v + 324. List the prime factors of v.
3
Suppose 2408 = 2*x + 416. What are the prime factors of x?
2, 3, 83
Let i(h) = 2*h - 24. Let o be i(11). List the prime factors of 23 + -28 - 57*o.
109
Suppose 9*u - 17*u + 10120 = 0. What are the prime factors of u?
5, 11, 23
Suppose 2*h = 5*k + 73, 0*k + k + 3*h + 1 = 0. Let m = k - -15. Suppose 64 + 4 = m*q. List the prime factors of q.
2, 17
Suppose -5*x - 3*z + 10 = 142, 56 = -3*x + 4*z. Let b = x - -26. Suppose 5*s - 70 = -7*u + 2*u, b*u + 77 = 5*s. List the prime factors of s.
3, 5
Let m = 674 - 417. List the prime factors of m.
257
Let y be 86*(-6)/(-4) - 0. Suppose -y = -0*p - 3*p. What are the prime factors of p?
43
Let j be (-14)/21 + 190/6. What are the prime factors of j*(4 + -3)*(2 + -1)?
31
Let w = 0 - -2. Suppose 0 = -w*b - 3*z + 213, b = z + 64 + 30. Suppose -4*g + l = -b, -46 = -0*g - 2*g + 4*l. What are the prime factors of g?
5
Let y(q) = q + 52. Let n be y(24). Let r = n + 82. What are the prime factors of r?
2, 79
Let b = -38 - -65. Suppose -5*u - b = -312. What are the prime factors of u?
3, 19
Let y(t) = t**3 - 6*t**2 - 5*t - 10. Let z be y(7). Suppose z = -7*d + 8*d. Suppose 34 = d*n + 2. List the prime factors of n.
2
Suppose -3*u + 24 = -0*u. Let o be (-1 - -1)/(-2 - -4). Suppose o = u*x - 3*x - 220. What are the prime factors of x?
2, 11
Let q = 548 + -307. Suppose -245*i = -q*i - 68. What are the prime factors of i?
17
What are the prime factors of (-1605)/(-30)*(-5 + 35)?
3, 5, 107
Suppose -2*a + 0*o + 75 = o, 189 = 5*a + 2*o. What are the prime factors of a + 6/(4/2)?
2, 3, 7
Let o = 16 + -14. Suppose 5*u - 67 = -o*c, 0 = -3*c + 4*u + u + 163. List the prime factors of c.
2, 23
Suppose 0 = -3*h - 14 - 4. Suppose -k = -17 + 8. List the prime factors of 66/4 + k/h.
3, 5
Let t(c) = -164*c - 271. List the prime factors of t(-21).
19, 167
Suppose -17*v - 11115 = -54125. List the prime factors of v.
2, 5, 11, 23
Suppose -73 = 5*n + 5*x - 238, 4*n - 5*x - 114 = 0. Suppose -2*b = -17 - n. Suppose 3*h = -5*p - 14, -2*p - 2*p = -4*h + b. List the prime factors of h.
2
Suppose -4*j - 4*b + 1680 = 0, b - 40 = j - 466. What are the prime factors of j?
3, 47
Suppose -5*i + 765 = -65. Suppose -5*x + 324 + i = 0. What are the prime factors of x?
2, 7
Let t(j) = 23*j + 6. Suppose 0*f + f = -4*z + 21, -23 = -4*z - 3*f. List the prime factors of t(z).
11
Let a be 260/(-22) + (-4)/22. What are the prime factors of 2*(-2)/a*159?
53
Suppose -18*n = -497 - 349. Let o be 2/(-6)*-1*51. Suppose -2*z = -o - n. What are the prime factors of z?
2
Suppose 5*i = 2*v - 212, 3*v - 320 = 3*i - 2. What are the prime factors of v?
2, 53
Let o(m) = -m**3 - 7*m**2 + 4*m + 30. Let v be o(-7). Suppose 0 = r - 3*b - 176, -2*b + 502 = 3*r + v*b. List the prime factors of r.
2, 5, 17
Let f(d) = -16*d**2 + 2*d - 8. Let o be f(2). Let v = o - -76. What are the prime factors of v?
2
Let o(a) = -8*a**3 - 12*a**2 - 12*a - 17. What are the prime factors of o(-7)?
3, 13, 19
Suppose o - 87 = -5*v + v, -v = -5*o + 456. Suppose -4*z + 45 = -o. List the prime factors of z.
2, 17
Let t = -174 + 100. Let z = -45 - t. List the prime factors of z.
29
Let j = -93 + 87. What are the prime factors of (-2)/(-6)*-83*(j + 3)?
83
Let b = 527 + -69. What are the prime factors of b?
2, 229
Suppose 0*y - 3*a + 12 = 2*y, -4*y + a - 4 = 0. List the prime factors of (y - (-24 + -4)) + 4.
2
Let w be (-6)/(-18)*(-12)/(-2). Let j = w + -2. Suppose 5*o - 75 - 25 = -u, -u + 5 = j. List the prime factors of o.
19
Suppose p + 4*p = 2*p. Suppose p*b - 8 = 2*b, -5*q + b = -664. List the prime factors of q.
2, 3, 11
Suppose 4304 = 3*j + 257. What are the prime factors of j?
19, 71
Let f(s) = -11*s + 35. Let l(x) = -6*x + 18. Let u(n) = 3*f(n) - 5*l(n). Let t be u(6). What are the prime factors of ((-10)/15)/(1/t)?
2
Let g(p) = -44*p + 248. List the prime factors of g(-5).
2, 3, 13
Let a(b) = -16*b + 1. Let q(t) = -11*t + 1. Let m(r) = -5*a(r) + 7*q(r). Let k be m(-9). Let f = k - -48. What are the prime factors of f?
23
Let x = -15 - -17. Suppose -x*r = -0*r + 26. Let c = -9 - r. List the prime factors of c.
2
Suppose 765633 = 134*f + 64009. What are the prime factors of f?
2, 7, 11, 17
Suppose 11*b + 8*b - 1026 = 0. List the prime factors of b.
2, 3
Let j(o) = -o**3 - 3*o**2 - 10*o - 13. Let f be -3 + 15/3 + -8. What are the prime factors of j(f)?
5, 31
What are the prime factors of (-4)/(-4) - 2 - -136?
3, 5
Suppose -2*r + 36 = 2*r - 4*t, t = 5*r - 41. Let l(f) = f**3 - 11*f**2 + 9*f + 8. Let o be l(10). Let p = r + o. List the prime factors of p.
2, 3
Let f = -37 - 107. Let t = f + 256. What are the prime factors of t?